{"id":446,"date":"2019-07-14T10:52:52","date_gmt":"2019-07-14T08:52:52","guid":{"rendered":"http:\/\/e-fileo.pl\/?page_id=446"},"modified":"2019-07-14T10:52:53","modified_gmt":"2019-07-14T08:52:53","slug":"moja-piesn-na-czesc-pana","status":"publish","type":"page","link":"https:\/\/e-fileo.pl\/index.php\/moja-piesn-na-czesc-pana\/","title":{"rendered":"MOJA PIE\u015a\u0143 NA CZE\u015a\u0106 PANA"},"content":{"rendered":"\n<p>Panie, Bo\u017ce m\u00f3j chwal\u0119 Ci\u0119<\/p>\n\n\n\n<p>I wys\u0142awiam ca\u0142\u0105 dusz\u0105 swoj\u0105.<\/p>\n\n\n\n<p>\u015apiewam Ci z g\u0142\u0119bi mego serca<\/p>\n\n\n\n<p>I ca\u0142ym mym jestestwem.<\/p>\n\n\n\n<p>Bo okaza\u0142e\u015b wszechpot\u0119\u017cn\u0105 moc swoj\u0105<\/p>\n\n\n\n<p>Przez wielkie zwyci\u0119stwo nad wrogiem Twoim.<\/p>\n\n\n\n<p>Zniszczy\u0142e\u015b szatana i armi\u0119 s\u0142ug jego.<\/p>\n\n\n\n<p>Zatrute strza\u0142y tych, kt\u00f3rzy mnie nienawidz\u0105 trafi\u0142y w pr\u00f3\u017cni\u0119.<\/p>\n\n\n\n<p>A \u0142uki ich po\u0142ama\u0142e\u015b.<\/p>\n\n\n\n<p>Knowania ich obr\u00f3ci\u0142e\u015b wniwecz.<\/p>\n\n\n\n<p>Ich chytro\u015b\u0107 i podst\u0119p nie uczyni\u0142 mi szkody.<\/p>\n\n\n\n<p>Bo wielkie jest Imi\u0119 Twoje<\/p>\n\n\n\n<p>I nie opuszczasz tych, kt\u00f3rzy wo\u0142aj\u0105 do Ciebie<\/p>\n\n\n\n<p>W niedoli swojej.<\/p>\n\n\n\n<p>Alleluja!<\/p>\n\n\n\n<p style=\"text-align:right\">Estera Bednarska<\/p>\n","protected":false},"excerpt":{"rendered":"<p>Panie, Bo\u017ce m\u00f3j chwal\u0119 Ci\u0119 I wys\u0142awiam ca\u0142\u0105 dusz\u0105 swoj\u0105. \u015apiewam Ci z g\u0142\u0119bi mego serca I ca\u0142ym mym jestestwem. Bo okaza\u0142e\u015b wszechpot\u0119\u017cn\u0105 moc swoj\u0105 Przez wielkie zwyci\u0119stwo nad wrogiem Twoim. Zniszczy\u0142e\u015b szatana i armi\u0119 s\u0142ug jego. Zatrute strza\u0142y tych,&#46;&#46;&#46;<\/p>\n","protected":false},"author":2,"featured_media":0,"parent":0,"menu_order":0,"comment_status":"closed","ping_status":"closed","template":"","meta":{"give_campaign_id":0,"footnotes":""},"class_list":["post-446","page","type-page","status-publish","hentry"],"wppr_data":{"cwp_meta_box_check":"No"},"yoast_head":"<!-- This site is optimized with the Yoast SEO plugin v27.5 - https:\/\/yoast.com\/product\/yoast-seo-wordpress\/ -->\n<title>MOJA PIE\u015a\u0143 NA CZE\u015a\u0106 PANA - MAGAZYN CHRZE\u015aCIJA\u0143SKI &quot;FILEO&quot;<\/title>\n<meta name=\"robots\" content=\"index, follow, max-snippet:-1, max-image-preview:large, max-video-preview:-1\" \/>\n<link rel=\"canonical\" href=\"https:\/\/e-fileo.pl\/index.php\/moja-piesn-na-czesc-pana\/\" \/>\n<meta property=\"og:locale\" content=\"pl_PL\" \/>\n<meta property=\"og:type\" content=\"article\" \/>\n<meta property=\"og:title\" content=\"MOJA PIE\u015a\u0143 NA CZE\u015a\u0106 PANA - MAGAZYN CHRZE\u015aCIJA\u0143SKI &quot;FILEO&quot;\" \/>\n<meta property=\"og:description\" content=\"Panie, Bo\u017ce m\u00f3j chwal\u0119 Ci\u0119 I wys\u0142awiam ca\u0142\u0105 dusz\u0105 swoj\u0105. \u015apiewam Ci z g\u0142\u0119bi mego serca I ca\u0142ym mym jestestwem. Bo okaza\u0142e\u015b wszechpot\u0119\u017cn\u0105 moc swoj\u0105 Przez wielkie zwyci\u0119stwo nad wrogiem Twoim. Zniszczy\u0142e\u015b szatana i armi\u0119 s\u0142ug jego. Zatrute strza\u0142y tych,&#046;&#046;&#046;\" \/>\n<meta property=\"og:url\" content=\"https:\/\/e-fileo.pl\/index.php\/moja-piesn-na-czesc-pana\/\" \/>\n<meta property=\"og:site_name\" content=\"MAGAZYN CHRZE\u015aCIJA\u0143SKI &quot;FILEO&quot;\" \/>\n<meta property=\"article:modified_time\" content=\"2019-07-14T08:52:53+00:00\" \/>\n<meta name=\"twitter:card\" content=\"summary_large_image\" \/>\n<meta name=\"twitter:label1\" content=\"Szacowany czas czytania\" \/>\n\t<meta name=\"twitter:data1\" content=\"1 minuta\" \/>\n<script type=\"application\/ld+json\" class=\"yoast-schema-graph\">{\"@context\":\"https:\\\/\\\/schema.org\",\"@graph\":[{\"@type\":\"WebPage\",\"@id\":\"https:\\\/\\\/e-fileo.pl\\\/index.php\\\/moja-piesn-na-czesc-pana\\\/\",\"url\":\"https:\\\/\\\/e-fileo.pl\\\/index.php\\\/moja-piesn-na-czesc-pana\\\/\",\"name\":\"MOJA PIE\u015a\u0143 NA CZE\u015a\u0106 PANA - MAGAZYN CHRZE\u015aCIJA\u0143SKI &quot;FILEO&quot;\",\"isPartOf\":{\"@id\":\"https:\\\/\\\/e-fileo.pl\\\/#website\"},\"datePublished\":\"2019-07-14T08:52:52+00:00\",\"dateModified\":\"2019-07-14T08:52:53+00:00\",\"breadcrumb\":{\"@id\":\"https:\\\/\\\/e-fileo.pl\\\/index.php\\\/moja-piesn-na-czesc-pana\\\/#breadcrumb\"},\"inLanguage\":\"pl-PL\",\"potentialAction\":[{\"@type\":\"ReadAction\",\"target\":[\"https:\\\/\\\/e-fileo.pl\\\/index.php\\\/moja-piesn-na-czesc-pana\\\/\"]}]},{\"@type\":\"BreadcrumbList\",\"@id\":\"https:\\\/\\\/e-fileo.pl\\\/index.php\\\/moja-piesn-na-czesc-pana\\\/#breadcrumb\",\"itemListElement\":[{\"@type\":\"ListItem\",\"position\":1,\"name\":\"Strona g\u0142\u00f3wna\",\"item\":\"https:\\\/\\\/e-fileo.pl\\\/\"},{\"@type\":\"ListItem\",\"position\":2,\"name\":\"MOJA PIE\u015a\u0143 NA CZE\u015a\u0106 PANA\"}]},{\"@type\":\"WebSite\",\"@id\":\"https:\\\/\\\/e-fileo.pl\\\/#website\",\"url\":\"https:\\\/\\\/e-fileo.pl\\\/\",\"name\":\"MAGAZYN CHRZE\u015aCIJA\u0143SKI &quot;FILEO&quot;\",\"description\":\" \",\"publisher\":{\"@id\":\"https:\\\/\\\/e-fileo.pl\\\/#organization\"},\"potentialAction\":[{\"@type\":\"SearchAction\",\"target\":{\"@type\":\"EntryPoint\",\"urlTemplate\":\"https:\\\/\\\/e-fileo.pl\\\/?s={search_term_string}\"},\"query-input\":{\"@type\":\"PropertyValueSpecification\",\"valueRequired\":true,\"valueName\":\"search_term_string\"}}],\"inLanguage\":\"pl-PL\"},{\"@type\":\"Organization\",\"@id\":\"https:\\\/\\\/e-fileo.pl\\\/#organization\",\"name\":\"MAGAZYN CHRZE\u015aCIJA\u0143SKI &quot;FILEO&quot;\",\"url\":\"https:\\\/\\\/e-fileo.pl\\\/\",\"logo\":{\"@type\":\"ImageObject\",\"inLanguage\":\"pl-PL\",\"@id\":\"https:\\\/\\\/e-fileo.pl\\\/#\\\/schema\\\/logo\\\/image\\\/\",\"url\":\"https:\\\/\\\/i0.wp.com\\\/e-fileo.pl\\\/wp-content\\\/uploads\\\/2022\\\/07\\\/FILEO-7-e1659260414854.png?fit=250%2C196&ssl=1\",\"contentUrl\":\"https:\\\/\\\/i0.wp.com\\\/e-fileo.pl\\\/wp-content\\\/uploads\\\/2022\\\/07\\\/FILEO-7-e1659260414854.png?fit=250%2C196&ssl=1\",\"width\":250,\"height\":196,\"caption\":\"MAGAZYN CHRZE\u015aCIJA\u0143SKI &quot;FILEO&quot; \"},\"image\":{\"@id\":\"https:\\\/\\\/e-fileo.pl\\\/#\\\/schema\\\/logo\\\/image\\\/\"}}]}<\/script>\n<!-- \/ Yoast SEO plugin. -->","yoast_head_json":{"title":"MOJA PIE\u015a\u0143 NA CZE\u015a\u0106 PANA - MAGAZYN CHRZE\u015aCIJA\u0143SKI &quot;FILEO&quot;","robots":{"index":"index","follow":"follow","max-snippet":"max-snippet:-1","max-image-preview":"max-image-preview:large","max-video-preview":"max-video-preview:-1"},"canonical":"https:\/\/e-fileo.pl\/index.php\/moja-piesn-na-czesc-pana\/","og_locale":"pl_PL","og_type":"article","og_title":"MOJA PIE\u015a\u0143 NA CZE\u015a\u0106 PANA - MAGAZYN CHRZE\u015aCIJA\u0143SKI &quot;FILEO&quot;","og_description":"Panie, Bo\u017ce m\u00f3j chwal\u0119 Ci\u0119 I wys\u0142awiam ca\u0142\u0105 dusz\u0105 swoj\u0105. \u015apiewam Ci z g\u0142\u0119bi mego serca I ca\u0142ym mym jestestwem. Bo okaza\u0142e\u015b wszechpot\u0119\u017cn\u0105 moc swoj\u0105 Przez wielkie zwyci\u0119stwo nad wrogiem Twoim. Zniszczy\u0142e\u015b szatana i armi\u0119 s\u0142ug jego. Zatrute strza\u0142y tych,&#46;&#46;&#46;","og_url":"https:\/\/e-fileo.pl\/index.php\/moja-piesn-na-czesc-pana\/","og_site_name":"MAGAZYN CHRZE\u015aCIJA\u0143SKI &quot;FILEO&quot;","article_modified_time":"2019-07-14T08:52:53+00:00","twitter_card":"summary_large_image","twitter_misc":{"Szacowany czas czytania":"1 minuta"},"schema":{"@context":"https:\/\/schema.org","@graph":[{"@type":"WebPage","@id":"https:\/\/e-fileo.pl\/index.php\/moja-piesn-na-czesc-pana\/","url":"https:\/\/e-fileo.pl\/index.php\/moja-piesn-na-czesc-pana\/","name":"MOJA PIE\u015a\u0143 NA CZE\u015a\u0106 PANA - MAGAZYN CHRZE\u015aCIJA\u0143SKI &quot;FILEO&quot;","isPartOf":{"@id":"https:\/\/e-fileo.pl\/#website"},"datePublished":"2019-07-14T08:52:52+00:00","dateModified":"2019-07-14T08:52:53+00:00","breadcrumb":{"@id":"https:\/\/e-fileo.pl\/index.php\/moja-piesn-na-czesc-pana\/#breadcrumb"},"inLanguage":"pl-PL","potentialAction":[{"@type":"ReadAction","target":["https:\/\/e-fileo.pl\/index.php\/moja-piesn-na-czesc-pana\/"]}]},{"@type":"BreadcrumbList","@id":"https:\/\/e-fileo.pl\/index.php\/moja-piesn-na-czesc-pana\/#breadcrumb","itemListElement":[{"@type":"ListItem","position":1,"name":"Strona g\u0142\u00f3wna","item":"https:\/\/e-fileo.pl\/"},{"@type":"ListItem","position":2,"name":"MOJA PIE\u015a\u0143 NA CZE\u015a\u0106 PANA"}]},{"@type":"WebSite","@id":"https:\/\/e-fileo.pl\/#website","url":"https:\/\/e-fileo.pl\/","name":"MAGAZYN CHRZE\u015aCIJA\u0143SKI &quot;FILEO&quot;","description":" ","publisher":{"@id":"https:\/\/e-fileo.pl\/#organization"},"potentialAction":[{"@type":"SearchAction","target":{"@type":"EntryPoint","urlTemplate":"https:\/\/e-fileo.pl\/?s={search_term_string}"},"query-input":{"@type":"PropertyValueSpecification","valueRequired":true,"valueName":"search_term_string"}}],"inLanguage":"pl-PL"},{"@type":"Organization","@id":"https:\/\/e-fileo.pl\/#organization","name":"MAGAZYN CHRZE\u015aCIJA\u0143SKI &quot;FILEO&quot;","url":"https:\/\/e-fileo.pl\/","logo":{"@type":"ImageObject","inLanguage":"pl-PL","@id":"https:\/\/e-fileo.pl\/#\/schema\/logo\/image\/","url":"https:\/\/i0.wp.com\/e-fileo.pl\/wp-content\/uploads\/2022\/07\/FILEO-7-e1659260414854.png?fit=250%2C196&ssl=1","contentUrl":"https:\/\/i0.wp.com\/e-fileo.pl\/wp-content\/uploads\/2022\/07\/FILEO-7-e1659260414854.png?fit=250%2C196&ssl=1","width":250,"height":196,"caption":"MAGAZYN CHRZE\u015aCIJA\u0143SKI &quot;FILEO&quot; "},"image":{"@id":"https:\/\/e-fileo.pl\/#\/schema\/logo\/image\/"}}]}},"campaignId":"","jetpack_likes_enabled":true,"jetpack_shortlink":"https:\/\/wp.me\/Pba6nO-7c","jetpack_sharing_enabled":true,"jetpack-related-posts":[{"id":430,"url":"https:\/\/e-fileo.pl\/index.php\/zaczynaj-i-bierz-w-posiadanie\/","url_meta":{"origin":446,"position":0},"title":"ZACZYNAJ I BIERZ W POSIADANIE!","author":"admin","date":"14 lipca 2019","format":false,"excerpt":"?Pos\u0142uchajcie uwa\u017cnie, wszyscy Judejczycy i wy, mieszka\u0144cy Jeruzalemu, i ty, kr\u00f3lu Jehoszafacie! Tak m\u00f3wi do was Pan: Wy si\u0119 nie b\u00f3jcie i nie l\u0119kajcie tej licznej t\u0142uszczy! Gdy\u017c nie wasza to wojna, ale Bo\u017ca. Jutro zejd\u017acie naprzeciw nich; p\u00f3jd\u0105 oni stokiem Sis, a natkniecie si\u0119 na nich na skraju doliny\u2026","rel":"","context":"Podobny wpis","block_context":{"text":"Podobny wpis","link":""},"img":{"alt_text":"","src":"","width":0,"height":0},"classes":[]},{"id":438,"url":"https:\/\/e-fileo.pl\/index.php\/odwieczny-bozy-wybor-a-wolna-wola-czlowieka\/","url_meta":{"origin":446,"position":1},"title":"ODWIECZNY BO\u017bY WYB\u00d3R A WOLNA WOLA CZ\u0141OWIEKA","author":"admin","date":"14 lipca 2019","format":false,"excerpt":"Trudny temat. Mo\u017cna nawet powiedzie\u0107, \u017ce to pozorna sprzeczno\u015b\u0107 ? z jednej strony to B\u00f3g wybiera nas na swoje dzieci i wyboru tego dokonuje ju\u017c zanim si\u0119 urodzili\u015bmy; z drugiej strony ? cz\u0142owiek ma woln\u0105 wol\u0119 i to on decyduje o tym czy nawr\u00f3ci si\u0119 do Boga przyjmuj\u0105c Jezusa Chrystusa\u2026","rel":"","context":"Podobny wpis","block_context":{"text":"Podobny wpis","link":""},"img":{"alt_text":"","src":"","width":0,"height":0},"classes":[]},{"id":383,"url":"https:\/\/e-fileo.pl\/index.php\/slowo-boze-moja-pomoca-kazdego-dnia-cz-iii\/","url_meta":{"origin":446,"position":2},"title":"S\u0141OWO BO\u017bE MOJ\u0104 POMOC\u0104 KA\u017bDEGO DNIA ? CZ. III","author":"admin","date":"14 lipca 2019","format":false,"excerpt":"Gdy dotyka mnie bole\u015bnie up\u0142yw czasu ?Lecz B\u00f3g wyzwoli dusz\u0119 moj\u0105 z krainy umar\u0142ych, poniewa\u017c we\u017amie mnie do siebie? (Psalm 49,16) ?Bo przecie\u017c jam zawsze z tob\u0105; Ty\u015b uj\u0105\u0142 praw\u0105 r\u0119k\u0119 moj\u0105. Prowadzisz mnie wed\u0142ug rady swojej, a potem przyjmiesz mnie do chwa\u0142y. Kog\u00f3\u017c innego mam w niebie, je\u015bli nie\u2026","rel":"","context":"Podobny wpis","block_context":{"text":"Podobny wpis","link":""},"img":{"alt_text":"","src":"","width":0,"height":0},"classes":[]},{"id":170,"url":"https:\/\/e-fileo.pl\/index.php\/slowo-boze-moja-pomoca-kazdego-dnia-cz-ii\/","url_meta":{"origin":446,"position":3},"title":"S\u0141OWO BO\u017bE MOJ\u0104 POMOC\u0104 KA\u017bDEGO DNIA ? CZ. II","author":"admin","date":"13 lipca 2019","format":false,"excerpt":"Gdy czekam na spe\u0142nienie Bo\u017cych obietnic ?A oto ja id\u0119 dzi\u015b drog\u0105 ca\u0142ej ziemi; poznajcie tedy ca\u0142ym swoim sercem\u00a0i ca\u0142\u0105 swoj\u0105 dusz\u0105, \u017ce nie zawiod\u0142a \u017cadna z tych wszystkich dobrych obietnic, jakie da\u0142 wam Pan, B\u00f3g wasz; wszystkie si\u0119 wam wype\u0142ni\u0142y, a nie zawiod\u0142o z nich \u017cadne s\u0142owo?. (Ksi\u0119ga Jozuego\u2026","rel":"","context":"Podobny wpis","block_context":{"text":"Podobny wpis","link":""},"img":{"alt_text":"","src":"","width":0,"height":0},"classes":[]},{"id":543,"url":"https:\/\/e-fileo.pl\/index.php\/dwa-krolestwa\/","url_meta":{"origin":446,"position":4},"title":"DWA KR\u00d3LESTWA","author":"admin","date":"14 lipca 2019","format":false,"excerpt":"DWA KR\u00d3LESTWA Niewola babilo\u0144ska ?Trzeciego roku panowania Jojakima, kr\u00f3la judzkiego, nadci\u0105gn\u0105\u0142 Nabuchodonozor, kr\u00f3l babilo\u0144ski, do Jeruzalemu i obleg\u0142 je? (Ksi\u0119ga Daniela 1,1). B\u00f3g wyda\u0142 w r\u0119ce wrog\u00f3w sw\u00f3j wybrany nar\u00f3d, wyda\u0142 go na niewol\u0119, tu\u0142aczk\u0119 i zbezczeszczenie. Spe\u0142ni\u0142o si\u0119 to, co zapowiadali prorocy. Prorok Jeremiasz wo\u0142a\u0142: ,,?uczyni\u0119 ci\u0119 niewolnikiem twoich\u2026","rel":"","context":"Podobny wpis","block_context":{"text":"Podobny wpis","link":""},"img":{"alt_text":"","src":"","width":0,"height":0},"classes":[]},{"id":459,"url":"https:\/\/e-fileo.pl\/index.php\/slowo-boze-moja-pomoca-kazdego-dnia-cz-v\/","url_meta":{"origin":446,"position":5},"title":"S\u0141OWO BO\u017bE MOJ\u0104 POMOC\u0104 KA\u017bDEGO DNIA ? CZ. V","author":"admin","date":"14 lipca 2019","format":false,"excerpt":"Gdy potrzebuj\u0119 pocieszenia ?Pociechy twoje rozweselaj\u0105 dusz\u0119 moj\u0105 w licznych utrapieniach serca mego?. (Psalm 94,19) ?To jest pociech\u0105 moj\u0105 w niedoli mojej, \u017ce obietnica twoja mnie o\u017cywia. Zuchwali szydz\u0105 ze mnie bardzo, lecz ja nie odst\u0119puj\u0119 od zakonu twego. Pami\u0119tam, Panie, o odwiecznych prawach twoich i doznaj\u0119 pocieszenia?. (Psalm 119,50-52)\u2026","rel":"","context":"Podobny wpis","block_context":{"text":"Podobny wpis","link":""},"img":{"alt_text":"","src":"","width":0,"height":0},"classes":[]}],"amp_enabled":true,"_links":{"self":[{"href":"https:\/\/e-fileo.pl\/index.php\/wp-json\/wp\/v2\/pages\/446","targetHints":{"allow":["GET"]}}],"collection":[{"href":"https:\/\/e-fileo.pl\/index.php\/wp-json\/wp\/v2\/pages"}],"about":[{"href":"https:\/\/e-fileo.pl\/index.php\/wp-json\/wp\/v2\/types\/page"}],"author":[{"embeddable":true,"href":"https:\/\/e-fileo.pl\/index.php\/wp-json\/wp\/v2\/users\/2"}],"replies":[{"embeddable":true,"href":"https:\/\/e-fileo.pl\/index.php\/wp-json\/wp\/v2\/comments?post=446"}],"version-history":[{"count":1,"href":"https:\/\/e-fileo.pl\/index.php\/wp-json\/wp\/v2\/pages\/446\/revisions"}],"predecessor-version":[{"id":448,"href":"https:\/\/e-fileo.pl\/index.php\/wp-json\/wp\/v2\/pages\/446\/revisions\/448"}],"wp:attachment":[{"href":"https:\/\/e-fileo.pl\/index.php\/wp-json\/wp\/v2\/media?parent=446"}],"curies":[{"name":"wp","href":"https:\/\/api.w.org\/{rel}","templated":true}]}}