{"id":155,"date":"2019-07-13T17:31:02","date_gmt":"2019-07-13T15:31:02","guid":{"rendered":"http:\/\/e-fileo.pl\/?page_id=155"},"modified":"2019-07-13T17:31:04","modified_gmt":"2019-07-13T15:31:04","slug":"moja-modlitwa","status":"publish","type":"page","link":"https:\/\/e-fileo.pl\/index.php\/moja-modlitwa\/","title":{"rendered":"MOJA MODLITWA"},"content":{"rendered":"\n<p>Bo\u017ce, dzi\u0119kuj\u0119 Ci z ca\u0142ego serca za to,<\/p>\n\n\n\n<p>\u017be zawsze przy mnie jeste\u015b.<\/p>\n\n\n\n<p>Nawet wtedy, gdy ja odwracam si\u0119 od Ciebie,<\/p>\n\n\n\n<p>To Ty przy mnie trwasz,<\/p>\n\n\n\n<p>Gdy\u017c jeste\u015b wierny i prawdziwy.<\/p>\n\n\n\n<p>Bo\u017ce, dzi\u0119kuj\u0119 Ci z ca\u0142ego serca za to,<\/p>\n\n\n\n<p>\u017be niemo\u017cliwe jest, aby\u015b mnie zostawi\u0142 cho\u0107 na chwil\u0119,<\/p>\n\n\n\n<p>Bo przyrzek\u0142e\u015b w Twoim S\u0142owie, \u017ce mnie nie opu\u015bcisz,<\/p>\n\n\n\n<p>A Ono jest niez\u0142omn\u0105 prawd\u0105<\/p>\n\n\n\n<p>I nie zawodzi nigdy.<\/p>\n\n\n\n<p>Bo\u017ce, dzi\u0119kuj\u0119 Ci z ca\u0142ego serca za to,<\/p>\n\n\n\n<p>\u017be zamykasz przede mn\u0105 wszystkie drzwi,<\/p>\n\n\n\n<p>Opr\u00f3cz tych, przez kt\u00f3re mam przej\u015b\u0107.<\/p>\n\n\n\n<p>\u017be czynisz to zawsze w odpowiednim momencie,<\/p>\n\n\n\n<p>Zgodnym z Twoj\u0105 naj\u015bwi\u0119tsz\u0105 wol\u0105.<\/p>\n\n\n\n<p>Bo\u017ce, dzi\u0119kuj\u0119 Ci z ca\u0142ego serca za to,<\/p>\n\n\n\n<p>\u017be ka\u017cesz mi czeka\u0107, cz\u0119sto bardzo d\u0142ugo,<\/p>\n\n\n\n<p>Na Twoj\u0105 odpowied\u017a na moje modlitwy.<\/p>\n\n\n\n<p>I \u017ce odpowiadasz na nie zawsze,<\/p>\n\n\n\n<p>Cho\u0107 cz\u0119sto nie rozumiem Twoich odpowiedzi.<\/p>\n\n\n\n<p>Bo\u017ce, dzi\u0119kuj\u0119 Ci z ca\u0142ego serca za to,<\/p>\n\n\n\n<p>\u017be Ty zawsze wiesz, co dla mnie jest najlepsze,<\/p>\n\n\n\n<p>I dajesz mi to kiedy zechcesz,<\/p>\n\n\n\n<p>Cz\u0119sto w spos\u00f3b dla mnie niepoj\u0119ty i cudowny,<\/p>\n\n\n\n<p>Kt\u00f3ry nawet nie przychodzi na my\u015bl mojej duszy.<\/p>\n\n\n\n<p>Bo\u017ce, dzi\u0119kuj\u0119 Ci z ca\u0142ego serca za to,<\/p>\n\n\n\n<p>\u017be Ty bierzesz moje plany w Swoje r\u0119ce<\/p>\n\n\n\n<p>I przerabiasz je w taki spos\u00f3b,<\/p>\n\n\n\n<p>Aby pasowa\u0142y do Twoich plan\u00f3w dla mojego \u017cycia<\/p>\n\n\n\n<p>I \u017cebym moim \u017cyciem mog\u0142a wywy\u017csza\u0107 Ciebie.<\/p>\n\n\n\n<p>Bo\u017ce dzi\u0119kuj\u0119 Ci z ca\u0142ego serca za to,<\/p>\n\n\n\n<p>\u017be Tw\u00f3j przenaj\u015bwi\u0119tszy Syn Jezus Chrystus<\/p>\n\n\n\n<p>Wstawia si\u0119 u Ciebie za mn\u0105,<\/p>\n\n\n\n<p>A Tw\u00f3j Duch \u015awi\u0119ty oczyszcza moje modlitwy<\/p>\n\n\n\n<p>Aby dociera\u0142y nieskalane przed Tron Twojej sprawiedliwo\u015bci.<\/p>\n\n\n\n<p style=\"text-align:right\"><em>E. S. Bednarska<\/em><br><\/p>\n","protected":false},"excerpt":{"rendered":"<p>Bo\u017ce, dzi\u0119kuj\u0119 Ci z ca\u0142ego serca za to, \u017be zawsze przy mnie jeste\u015b. Nawet wtedy, gdy ja odwracam si\u0119 od Ciebie, To Ty przy mnie trwasz, Gdy\u017c jeste\u015b wierny i prawdziwy. Bo\u017ce, dzi\u0119kuj\u0119 Ci z ca\u0142ego serca za to, \u017be&#46;&#46;&#46;<\/p>\n","protected":false},"author":2,"featured_media":0,"parent":0,"menu_order":0,"comment_status":"closed","ping_status":"closed","template":"","meta":{"give_campaign_id":0,"jetpack_post_was_ever_published":false,"footnotes":""},"class_list":["post-155","page","type-page","status-publish","hentry"],"wppr_data":[],"yoast_head":"<!-- This site is optimized with the Yoast SEO plugin v27.0 - https:\/\/yoast.com\/product\/yoast-seo-wordpress\/ -->\n<title>MOJA MODLITWA - MAGAZYN CHRZE\u015aCIJA\u0143SKI &quot;FILEO&quot;<\/title>\n<meta name=\"robots\" content=\"index, follow, max-snippet:-1, max-image-preview:large, max-video-preview:-1\" \/>\n<link rel=\"canonical\" href=\"https:\/\/e-fileo.pl\/index.php\/moja-modlitwa\/\" \/>\n<meta property=\"og:locale\" content=\"pl_PL\" \/>\n<meta property=\"og:type\" content=\"article\" \/>\n<meta property=\"og:title\" content=\"MOJA MODLITWA - MAGAZYN CHRZE\u015aCIJA\u0143SKI &quot;FILEO&quot;\" \/>\n<meta property=\"og:description\" content=\"Bo\u017ce, dzi\u0119kuj\u0119 Ci z ca\u0142ego serca za to, \u017be zawsze przy mnie jeste\u015b. Nawet wtedy, gdy ja odwracam si\u0119 od Ciebie, To Ty przy mnie trwasz, Gdy\u017c jeste\u015b wierny i prawdziwy. Bo\u017ce, dzi\u0119kuj\u0119 Ci z ca\u0142ego serca za to, \u017be&#046;&#046;&#046;\" \/>\n<meta property=\"og:url\" content=\"https:\/\/e-fileo.pl\/index.php\/moja-modlitwa\/\" \/>\n<meta property=\"og:site_name\" content=\"MAGAZYN CHRZE\u015aCIJA\u0143SKI &quot;FILEO&quot;\" \/>\n<meta property=\"article:modified_time\" content=\"2019-07-13T15:31:04+00:00\" \/>\n<meta name=\"twitter:card\" content=\"summary_large_image\" \/>\n<meta name=\"twitter:label1\" content=\"Szacowany czas czytania\" \/>\n\t<meta name=\"twitter:data1\" content=\"1 minuta\" \/>\n<script type=\"application\/ld+json\" class=\"yoast-schema-graph\">{\"@context\":\"https:\/\/schema.org\",\"@graph\":[{\"@type\":\"WebPage\",\"@id\":\"https:\/\/e-fileo.pl\/index.php\/moja-modlitwa\/\",\"url\":\"https:\/\/e-fileo.pl\/index.php\/moja-modlitwa\/\",\"name\":\"MOJA MODLITWA - MAGAZYN CHRZE\u015aCIJA\u0143SKI &quot;FILEO&quot;\",\"isPartOf\":{\"@id\":\"https:\/\/e-fileo.pl\/#website\"},\"datePublished\":\"2019-07-13T15:31:02+00:00\",\"dateModified\":\"2019-07-13T15:31:04+00:00\",\"breadcrumb\":{\"@id\":\"https:\/\/e-fileo.pl\/index.php\/moja-modlitwa\/#breadcrumb\"},\"inLanguage\":\"pl-PL\",\"potentialAction\":[{\"@type\":\"ReadAction\",\"target\":[\"https:\/\/e-fileo.pl\/index.php\/moja-modlitwa\/\"]}]},{\"@type\":\"BreadcrumbList\",\"@id\":\"https:\/\/e-fileo.pl\/index.php\/moja-modlitwa\/#breadcrumb\",\"itemListElement\":[{\"@type\":\"ListItem\",\"position\":1,\"name\":\"Strona g\u0142\u00f3wna\",\"item\":\"https:\/\/e-fileo.pl\/\"},{\"@type\":\"ListItem\",\"position\":2,\"name\":\"MOJA MODLITWA\"}]},{\"@type\":\"WebSite\",\"@id\":\"https:\/\/e-fileo.pl\/#website\",\"url\":\"https:\/\/e-fileo.pl\/\",\"name\":\"MAGAZYN CHRZE\u015aCIJA\u0143SKI &quot;FILEO&quot;\",\"description\":\" \",\"publisher\":{\"@id\":\"https:\/\/e-fileo.pl\/#organization\"},\"potentialAction\":[{\"@type\":\"SearchAction\",\"target\":{\"@type\":\"EntryPoint\",\"urlTemplate\":\"https:\/\/e-fileo.pl\/?s={search_term_string}\"},\"query-input\":{\"@type\":\"PropertyValueSpecification\",\"valueRequired\":true,\"valueName\":\"search_term_string\"}}],\"inLanguage\":\"pl-PL\"},{\"@type\":\"Organization\",\"@id\":\"https:\/\/e-fileo.pl\/#organization\",\"name\":\"MAGAZYN CHRZE\u015aCIJA\u0143SKI &quot;FILEO&quot;\",\"url\":\"https:\/\/e-fileo.pl\/\",\"logo\":{\"@type\":\"ImageObject\",\"inLanguage\":\"pl-PL\",\"@id\":\"https:\/\/e-fileo.pl\/#\/schema\/logo\/image\/\",\"url\":\"https:\/\/i0.wp.com\/e-fileo.pl\/wp-content\/uploads\/2022\/07\/FILEO-7-e1659260414854.png?fit=250%2C196&ssl=1\",\"contentUrl\":\"https:\/\/i0.wp.com\/e-fileo.pl\/wp-content\/uploads\/2022\/07\/FILEO-7-e1659260414854.png?fit=250%2C196&ssl=1\",\"width\":250,\"height\":196,\"caption\":\"MAGAZYN CHRZE\u015aCIJA\u0143SKI &quot;FILEO&quot; \"},\"image\":{\"@id\":\"https:\/\/e-fileo.pl\/#\/schema\/logo\/image\/\"}}]}<\/script>\n<!-- \/ Yoast SEO plugin. -->","yoast_head_json":{"title":"MOJA MODLITWA - MAGAZYN CHRZE\u015aCIJA\u0143SKI &quot;FILEO&quot;","robots":{"index":"index","follow":"follow","max-snippet":"max-snippet:-1","max-image-preview":"max-image-preview:large","max-video-preview":"max-video-preview:-1"},"canonical":"https:\/\/e-fileo.pl\/index.php\/moja-modlitwa\/","og_locale":"pl_PL","og_type":"article","og_title":"MOJA MODLITWA - MAGAZYN CHRZE\u015aCIJA\u0143SKI &quot;FILEO&quot;","og_description":"Bo\u017ce, dzi\u0119kuj\u0119 Ci z ca\u0142ego serca za to, \u017be zawsze przy mnie jeste\u015b. Nawet wtedy, gdy ja odwracam si\u0119 od Ciebie, To Ty przy mnie trwasz, Gdy\u017c jeste\u015b wierny i prawdziwy. Bo\u017ce, dzi\u0119kuj\u0119 Ci z ca\u0142ego serca za to, \u017be&#46;&#46;&#46;","og_url":"https:\/\/e-fileo.pl\/index.php\/moja-modlitwa\/","og_site_name":"MAGAZYN CHRZE\u015aCIJA\u0143SKI &quot;FILEO&quot;","article_modified_time":"2019-07-13T15:31:04+00:00","twitter_card":"summary_large_image","twitter_misc":{"Szacowany czas czytania":"1 minuta"},"schema":{"@context":"https:\/\/schema.org","@graph":[{"@type":"WebPage","@id":"https:\/\/e-fileo.pl\/index.php\/moja-modlitwa\/","url":"https:\/\/e-fileo.pl\/index.php\/moja-modlitwa\/","name":"MOJA MODLITWA - MAGAZYN CHRZE\u015aCIJA\u0143SKI &quot;FILEO&quot;","isPartOf":{"@id":"https:\/\/e-fileo.pl\/#website"},"datePublished":"2019-07-13T15:31:02+00:00","dateModified":"2019-07-13T15:31:04+00:00","breadcrumb":{"@id":"https:\/\/e-fileo.pl\/index.php\/moja-modlitwa\/#breadcrumb"},"inLanguage":"pl-PL","potentialAction":[{"@type":"ReadAction","target":["https:\/\/e-fileo.pl\/index.php\/moja-modlitwa\/"]}]},{"@type":"BreadcrumbList","@id":"https:\/\/e-fileo.pl\/index.php\/moja-modlitwa\/#breadcrumb","itemListElement":[{"@type":"ListItem","position":1,"name":"Strona g\u0142\u00f3wna","item":"https:\/\/e-fileo.pl\/"},{"@type":"ListItem","position":2,"name":"MOJA MODLITWA"}]},{"@type":"WebSite","@id":"https:\/\/e-fileo.pl\/#website","url":"https:\/\/e-fileo.pl\/","name":"MAGAZYN CHRZE\u015aCIJA\u0143SKI &quot;FILEO&quot;","description":" ","publisher":{"@id":"https:\/\/e-fileo.pl\/#organization"},"potentialAction":[{"@type":"SearchAction","target":{"@type":"EntryPoint","urlTemplate":"https:\/\/e-fileo.pl\/?s={search_term_string}"},"query-input":{"@type":"PropertyValueSpecification","valueRequired":true,"valueName":"search_term_string"}}],"inLanguage":"pl-PL"},{"@type":"Organization","@id":"https:\/\/e-fileo.pl\/#organization","name":"MAGAZYN CHRZE\u015aCIJA\u0143SKI &quot;FILEO&quot;","url":"https:\/\/e-fileo.pl\/","logo":{"@type":"ImageObject","inLanguage":"pl-PL","@id":"https:\/\/e-fileo.pl\/#\/schema\/logo\/image\/","url":"https:\/\/i0.wp.com\/e-fileo.pl\/wp-content\/uploads\/2022\/07\/FILEO-7-e1659260414854.png?fit=250%2C196&ssl=1","contentUrl":"https:\/\/i0.wp.com\/e-fileo.pl\/wp-content\/uploads\/2022\/07\/FILEO-7-e1659260414854.png?fit=250%2C196&ssl=1","width":250,"height":196,"caption":"MAGAZYN CHRZE\u015aCIJA\u0143SKI &quot;FILEO&quot; "},"image":{"@id":"https:\/\/e-fileo.pl\/#\/schema\/logo\/image\/"}}]}},"campaignId":"","jetpack_likes_enabled":true,"jetpack_shortlink":"https:\/\/wp.me\/Pba6nO-2v","jetpack_sharing_enabled":true,"jetpack-related-posts":[{"id":418,"url":"https:\/\/e-fileo.pl\/index.php\/slowo-boze-moja-pomoca-kazdego-dnia-cz-iv\/","url_meta":{"origin":155,"position":0},"title":"S\u0141OWO BO\u017bE MOJ\u0104 POMOC\u0104 KA\u017bDEGO DNIA ? CZ. IV","author":"admin","date":"14 lipca 2019","format":false,"excerpt":"Gdy walcz\u0119 z grzechem ?Po\u0142o\u017cy\u0142em dzi\u015b przed tob\u0105 \u017cycie i \u015bmier\u0107, b\u0142ogos\u0142awie\u0144stwo i przekle\u0144stwo. Wybierz przeto \u017cycie, aby\u015b \u017cy\u0142, ty i twoje potomstwo, mi\u0142uj\u0105c Pana, Boga twego, s\u0142uchaj\u0105c jego g\u0142osu i lgn\u0105c do niego, gdy\u017c w tym jest twoje \u017cycie i przed\u0142u\u017cenie twoich dni?. (V Ksi\u0119ga Moj\u017ceszowa 30,19-20) ?A jak\u2026","rel":"","context":"Podobny wpis","block_context":{"text":"Podobny wpis","link":""},"img":{"alt_text":"","src":"","width":0,"height":0},"classes":[]},{"id":459,"url":"https:\/\/e-fileo.pl\/index.php\/slowo-boze-moja-pomoca-kazdego-dnia-cz-v\/","url_meta":{"origin":155,"position":1},"title":"S\u0141OWO BO\u017bE MOJ\u0104 POMOC\u0104 KA\u017bDEGO DNIA ? CZ. V","author":"admin","date":"14 lipca 2019","format":false,"excerpt":"Gdy potrzebuj\u0119 pocieszenia ?Pociechy twoje rozweselaj\u0105 dusz\u0119 moj\u0105 w licznych utrapieniach serca mego?. (Psalm 94,19) ?To jest pociech\u0105 moj\u0105 w niedoli mojej, \u017ce obietnica twoja mnie o\u017cywia. Zuchwali szydz\u0105 ze mnie bardzo, lecz ja nie odst\u0119puj\u0119 od zakonu twego. Pami\u0119tam, Panie, o odwiecznych prawach twoich i doznaj\u0119 pocieszenia?. (Psalm 119,50-52)\u2026","rel":"","context":"Podobny wpis","block_context":{"text":"Podobny wpis","link":""},"img":{"alt_text":"","src":"","width":0,"height":0},"classes":[]},{"id":1101,"url":"https:\/\/e-fileo.pl\/index.php\/styczen-luty-2020\/","url_meta":{"origin":155,"position":2},"title":"I\/II 2020","author":"admin","date":"16 marca 2020","format":false,"excerpt":"ARTYKU\u0141 WST\u0118PNY ?Trwajcie we mnie? \u00a0\u00a0\u00a0\u00a0\u00a0 Wersety przewodnie: ?Ja jestem prawdziwym krzewem winnym, a Ojciec m\u00f3j jest winogrodnikiem. Ka\u017cd\u0105 latoro\u015bl, kt\u00f3ra we mnie nie wydaje owocu, odcina,a ka\u017cd\u0105, kt\u00f3ra wydaje owoc, oczyszcza, aby wydawa\u0142a obfitszy owoc. Wy jeste\u015bcie ju\u017c czy\u015bci dla s\u0142owa, kt\u00f3re wam g\u0142osi\u0142em; trwajcie we mnie, a Ja\u2026","rel":"","context":"Podobny wpis","block_context":{"text":"Podobny wpis","link":""},"img":{"alt_text":"Bo\u017cy Baranek","src":"https:\/\/i0.wp.com\/e-fileo.pl\/wp-content\/uploads\/2020\/03\/1-8.jpg?fit=1200%2C678&ssl=1&resize=350%2C200","width":350,"height":200,"srcset":"https:\/\/i0.wp.com\/e-fileo.pl\/wp-content\/uploads\/2020\/03\/1-8.jpg?fit=1200%2C678&ssl=1&resize=350%2C200 1x, https:\/\/i0.wp.com\/e-fileo.pl\/wp-content\/uploads\/2020\/03\/1-8.jpg?fit=1200%2C678&ssl=1&resize=525%2C300 1.5x, https:\/\/i0.wp.com\/e-fileo.pl\/wp-content\/uploads\/2020\/03\/1-8.jpg?fit=1200%2C678&ssl=1&resize=700%2C400 2x, https:\/\/i0.wp.com\/e-fileo.pl\/wp-content\/uploads\/2020\/03\/1-8.jpg?fit=1200%2C678&ssl=1&resize=1050%2C600 3x"},"classes":[]},{"id":383,"url":"https:\/\/e-fileo.pl\/index.php\/slowo-boze-moja-pomoca-kazdego-dnia-cz-iii\/","url_meta":{"origin":155,"position":3},"title":"S\u0141OWO BO\u017bE MOJ\u0104 POMOC\u0104 KA\u017bDEGO DNIA ? CZ. III","author":"admin","date":"14 lipca 2019","format":false,"excerpt":"Gdy dotyka mnie bole\u015bnie up\u0142yw czasu ?Lecz B\u00f3g wyzwoli dusz\u0119 moj\u0105 z krainy umar\u0142ych, poniewa\u017c we\u017amie mnie do siebie? (Psalm 49,16) ?Bo przecie\u017c jam zawsze z tob\u0105; Ty\u015b uj\u0105\u0142 praw\u0105 r\u0119k\u0119 moj\u0105. Prowadzisz mnie wed\u0142ug rady swojej, a potem przyjmiesz mnie do chwa\u0142y. Kog\u00f3\u017c innego mam w niebie, je\u015bli nie\u2026","rel":"","context":"Podobny wpis","block_context":{"text":"Podobny wpis","link":""},"img":{"alt_text":"","src":"","width":0,"height":0},"classes":[]},{"id":151,"url":"https:\/\/e-fileo.pl\/index.php\/serce-czlowieka\/","url_meta":{"origin":155,"position":4},"title":"SERCE CZ\u0141OWIEKA","author":"admin","date":"13 lipca 2019","format":false,"excerpt":"albo duchowe zwierciad\u0142o serca \u00a0? cz. I Serce cz\u0142owieka jest albo \u015bwi\u0105tyni\u0105 Boga, albo mieszkaniem szatana (I Jana 3,4-10) Ta broszura powsta\u0142a wiele lat temu i sta\u0142a si\u0119 wielkim b\u0142ogos\u0142awie\u0144stwem dla tysi\u0119cy ludzi. W obecnym opracowaniu zosta\u0142a ona zmodyfikowana, a zawarte w niej tre\u015bci dostosowano do czas\u00f3w wsp\u00f3\u0142czesnych. Jest ona\u2026","rel":"","context":"Podobny wpis","block_context":{"text":"Podobny wpis","link":""},"img":{"alt_text":"","src":"","width":0,"height":0},"classes":[]},{"id":192,"url":"https:\/\/e-fileo.pl\/index.php\/serce-czlowieka-cz-ii\/","url_meta":{"origin":155,"position":5},"title":"SERCE CZ\u0141OWIEKA cz.II","author":"admin","date":"13 lipca 2019","format":false,"excerpt":"Ten rysunek przedstawia serce cz\u0142owieka niewierz\u0105cego, kt\u00f3rego Pismo \u015awi\u0119te nazywa grzesznikiem. Jest to serce kierowane przez boga tego \u015bwiata, czyli szatana oraz przez po\u017c\u0105dliwo\u015b\u0107 cia\u0142a, po\u017c\u0105dliwo\u015b\u0107 oczu i pych\u0119 \u017cycia\u00a0(I\u00a0List\u00a0Jana 2,15-17).\u00a0Rysunek pokazuje prawdziwy obraz serca w taki spos\u00f3b, w jaki B\u00f3g je widzi. Czerwone oczy przedstawionego na nim cz\u0142owieka \u015bwiadcz\u0105\u2026","rel":"","context":"Podobny wpis","block_context":{"text":"Podobny wpis","link":""},"img":{"alt_text":"","src":"https:\/\/i0.wp.com\/e-fileo.pl\/wp-content\/uploads\/2019\/07\/rysunek1.png?resize=350%2C200&ssl=1","width":350,"height":200},"classes":[]}],"amp_enabled":true,"_links":{"self":[{"href":"https:\/\/e-fileo.pl\/index.php\/wp-json\/wp\/v2\/pages\/155","targetHints":{"allow":["GET"]}}],"collection":[{"href":"https:\/\/e-fileo.pl\/index.php\/wp-json\/wp\/v2\/pages"}],"about":[{"href":"https:\/\/e-fileo.pl\/index.php\/wp-json\/wp\/v2\/types\/page"}],"author":[{"embeddable":true,"href":"https:\/\/e-fileo.pl\/index.php\/wp-json\/wp\/v2\/users\/2"}],"replies":[{"embeddable":true,"href":"https:\/\/e-fileo.pl\/index.php\/wp-json\/wp\/v2\/comments?post=155"}],"version-history":[{"count":1,"href":"https:\/\/e-fileo.pl\/index.php\/wp-json\/wp\/v2\/pages\/155\/revisions"}],"predecessor-version":[{"id":157,"href":"https:\/\/e-fileo.pl\/index.php\/wp-json\/wp\/v2\/pages\/155\/revisions\/157"}],"wp:attachment":[{"href":"https:\/\/e-fileo.pl\/index.php\/wp-json\/wp\/v2\/media?parent=155"}],"curies":[{"name":"wp","href":"https:\/\/api.w.org\/{rel}","templated":true}]}}